{"id":129,"date":"2014-12-30T11:27:44","date_gmt":"2014-12-30T11:27:44","guid":{"rendered":"http:\/\/moline.cat\/?page_id=129"},"modified":"2014-12-30T12:36:36","modified_gmt":"2014-12-30T12:36:36","slug":"seguretat-informatica","status":"publish","type":"page","link":"https:\/\/moline.cat\/?page_id=129","title":{"rendered":"Seguretat inform\u00e0tica"},"content":{"rendered":"<p>Webs d&#8217;inter\u00e8s amb seguretat inform\u00e0tica:<\/p>\n<ul>\n<li><a href=\"http:\/\/www.satinfo.es\" target=\"_blank\">www.satinfo.es<\/a> (Majorista)<\/li>\n<li><a href=\"http:\/\/www.dsav.net\" target=\"_blank\">www.dsav.net<\/a> (Distribu\u00efdor)<\/li>\n<li><a href=\"http:\/\/www.mcafee.com\/es\" target=\"_blank\">www.mcafee.com\/es<\/a> (Fabricant)<\/li>\n<li><a href=\"http:\/\/www.kaspersky.es\" target=\"_blank\">www.kaspersky.es<\/a> (Fabricant)<\/li>\n<li><a href=\"http:\/\/www.virustotal.com\" target=\"_blank\">www.virustotal.com<\/a> (An\u00e0lisis)<\/li>\n<li><a href=\"http:\/\/www.hijackthis.de\" target=\"_blank\">www.hijackthis.de<\/a> (An\u00e0lisis)<\/li>\n<\/ul>\n","protected":false},"excerpt":{"rendered":"<p>Webs d&#8217;inter\u00e8s amb seguretat inform\u00e0tica: www.satinfo.es (Majorista) www.dsav.net (Distribu\u00efdor) www.mcafee.com\/es (Fabricant) www.kaspersky.es (Fabricant) www.virustotal.com (An\u00e0lisis) www.hijackthis.de (An\u00e0lisis)<\/p>\n","protected":false},"author":2,"featured_media":0,"parent":0,"menu_order":0,"comment_status":"closed","ping_status":"closed","template":"","meta":[],"_links":{"self":[{"href":"https:\/\/moline.cat\/index.php?rest_route=\/wp\/v2\/pages\/129"}],"collection":[{"href":"https:\/\/moline.cat\/index.php?rest_route=\/wp\/v2\/pages"}],"about":[{"href":"https:\/\/moline.cat\/index.php?rest_route=\/wp\/v2\/types\/page"}],"author":[{"embeddable":true,"href":"https:\/\/moline.cat\/index.php?rest_route=\/wp\/v2\/users\/2"}],"replies":[{"embeddable":true,"href":"https:\/\/moline.cat\/index.php?rest_route=%2Fwp%2Fv2%2Fcomments&post=129"}],"version-history":[{"count":4,"href":"https:\/\/moline.cat\/index.php?rest_route=\/wp\/v2\/pages\/129\/revisions"}],"predecessor-version":[{"id":143,"href":"https:\/\/moline.cat\/index.php?rest_route=\/wp\/v2\/pages\/129\/revisions\/143"}],"wp:attachment":[{"href":"https:\/\/moline.cat\/index.php?rest_route=%2Fwp%2Fv2%2Fmedia&parent=129"}],"curies":[{"name":"wp","href":"https:\/\/api.w.org\/{rel}","templated":true}]}}